{"id":9,"date":"2021-01-11T12:11:15","date_gmt":"2021-01-11T12:11:15","guid":{"rendered":"https:\/\/fahnenhandel.wum.de\/?page_id=9"},"modified":"2021-02-01T07:56:44","modified_gmt":"2021-02-01T07:56:44","slug":"home","status":"publish","type":"page","link":"https:\/\/www.fahnenhandel-koeln.de\/","title":{"rendered":"Home"},"content":{"rendered":"<p>[et_pb_section fb_built=&#8220;1&#8243; _builder_version=&#8220;4.7.7&#8243; _module_preset=&#8220;default&#8220; custom_margin=&#8220;||||false|false&#8220; custom_padding=&#8220;||||false|false&#8220;][et_pb_row _builder_version=&#8220;4.7.7&#8243; _module_preset=&#8220;default&#8220; width=&#8220;100%&#8220;][et_pb_column type=&#8220;4_4&#8243; _builder_version=&#8220;4.7.7&#8243; _module_preset=&#8220;default&#8220;][et_pb_text _builder_version=&#8220;4.7.7&#8243; _module_preset=&#8220;default&#8220;]<\/p>\n<div>\t<div id=\"fhkfariv04_hype_container\" class=\"HYPE_document\" style=\"margin:auto;position:relative;width:300px;height:200px;overflow:hidden;\">\n\t\t<script type=\"text\/javascript\" charset=\"utf-8\" src=\"https:\/\/fahnenhandel-koeln.de\/wp-content\/uploads\/hypeanimations\/2\/fhk_fari_v04.hyperesources\/fhkfariv04_hype_generated_script.js?42737\"><\/script>\n\t<\/div>\n<\/div>\n<p>[\/et_pb_text][\/et_pb_column][\/et_pb_row][et_pb_row _builder_version=&#8220;4.7.7&#8243; _module_preset=&#8220;default&#8220;][et_pb_column type=&#8220;4_4&#8243; _builder_version=&#8220;4.7.7&#8243; _module_preset=&#8220;default&#8220;][et_pb_text _builder_version=&#8220;4.7.7&#8243; _module_preset=&#8220;default&#8220; header_text_align=&#8220;center&#8220; header_font_size=&#8220;40px&#8220; header_line_height=&#8220;1.2em&#8220; header_font_size_tablet=&#8220;&#8220; header_font_size_phone=&#8220;30px&#8220; header_font_size_last_edited=&#8220;on|phone&#8220;]<\/p>\n<h1>Tradition gibt man nicht&nbsp;auf.<br \/>\nMan gibt sie weiter.<\/h1>\n<p>[\/et_pb_text][\/et_pb_column][\/et_pb_row][et_pb_row column_structure=&#8220;1_2,1_2&#8243; _builder_version=&#8220;4.7.7&#8243; _module_preset=&#8220;default&#8220;][et_pb_column type=&#8220;1_2&#8243; _builder_version=&#8220;4.7.7&#8243; _module_preset=&#8220;default&#8220;][et_pb_image src=&#8220;https:\/\/fahnenhandel-koeln.de\/wp-content\/uploads\/2021\/01\/birgit_und_denis_1.jpg&#8220; show_bottom_space=&#8220;off&#8220; _builder_version=&#8220;4.7.7&#8243; _module_preset=&#8220;default&#8220;][\/et_pb_image][et_pb_text _builder_version=&#8220;4.7.7&#8243; _module_preset=&#8220;default&#8220; text_font_size=&#8220;12px&#8220; text_line_height=&#8220;1.2em&#8220; custom_margin=&#8220;5px||||false|false&#8220;]<\/p>\n<p>K\u00f6lsches M\u00e4dche un k\u00f6lscher Jung \u2013 Birgit Pferrer und Denis Beutler<\/p>\n<p>[\/et_pb_text][\/et_pb_column][et_pb_column type=&#8220;1_2&#8243; _builder_version=&#8220;4.7.7&#8243; _module_preset=&#8220;default&#8220;][et_pb_text _builder_version=&#8220;4.7.7&#8243; _module_preset=&#8220;default&#8220; header_3_font_size=&#8220;20px&#8220; header_3_line_height=&#8220;1.2em&#8220; custom_margin=&#8220;||10px||false|false&#8220;]<\/p>\n<h3>Niemals geht man so ganz<\/h3>\n<p>[\/et_pb_text][et_pb_text _builder_version=&#8220;4.7.7&#8243; _module_preset=&#8220;default&#8220; text_font_size=&#8220;16px&#8220; text_line_height=&#8220;1.4em&#8220;]<\/p>\n<p>Fahnen, K\u00f6ln und Karneval haben mich ein Leben lang begleitet. In der Kindheit, nach der Berufsausbildung und sp\u00e4ter als Gesch\u00e4ftsf\u00fchrerin und schlie\u00dflich Unternehmerin. F\u00fcnf Generationen reicht unsere Firmengeschichte zur\u00fcck; gegr\u00fcndet im Jahr 1863 als \u201eFahnen Adler\u201c von meinem Urururgro\u00dfvater Josef Adler und in den letzten 10 Jahren als \u201eFahnenhandel K\u00f6ln\u201c weitergef\u00fchrt. Viel Herzblut steckt in diesem Unternehmen.<\/p>\n<p>Dennoch habe ich mich im Verlauf des letzten Jahres dazu entschlossen, beruflich neue Wege zu gehen. Eins war f\u00fcr mich jedoch klar \u2013 ich wollte Fahnenhandel K\u00f6ln mit seiner langen Tradition in gute H\u00e4nde \u00fcbergeben. F\u00fcndig geworden bin ich bei Denis Beutler und FahnenRichter, einem urk\u00f6lner Unternehmen mit einer ebenso langen wie \u00e4hnlichen Geschichte.<\/p>\n<p><span style=\"font-size: 16px;\">Unseren Kunden rufe ich f\u00fcr Ihr langj\u00e4hriges Vertrauen ein ganz herzliches Dankesch\u00f6n zu und freue mich, dass mit FahnenRichter k\u00f6lsches Herz und k\u00f6lsche Seele weiterhin an Bord bleiben. Ich wei\u00df, dass Sie bei FahnenRichter und Denis Beutler in guten H\u00e4nden sind.<\/span><\/p>\n<p>Ihre<br \/> Birgit Pferrer<\/p>\n<p>[\/et_pb_text][\/et_pb_column][\/et_pb_row][et_pb_row _builder_version=&#8220;4.7.7&#8243; _module_preset=&#8220;default&#8220;][et_pb_column type=&#8220;4_4&#8243; _builder_version=&#8220;4.7.7&#8243; _module_preset=&#8220;default&#8220;][et_pb_button button_url=&#8220;https:\/\/fahnenrichter.de&#8220; button_text=&#8220;FahnenRichter&#8220; button_alignment=&#8220;center&#8220; _builder_version=&#8220;4.7.7&#8243; _module_preset=&#8220;default&#8220; custom_margin=&#8220;||20px||false|false&#8220; custom_css_main_element=&#8220;width:200px;||&#8220;][\/et_pb_button][et_pb_button button_url=&#8220;https:\/\/fahnenrichter.de\/kontakt&#8220; button_text=&#8220;Kontakt&#8220; button_alignment=&#8220;center&#8220; _builder_version=&#8220;4.7.7&#8243; _module_preset=&#8220;default&#8220; custom_css_main_element=&#8220;width:200px;||&#8220;][\/et_pb_button][\/et_pb_column][\/et_pb_row][\/et_pb_section][et_pb_section fb_built=&#8220;1&#8243; fullwidth=&#8220;on&#8220; disabled_on=&#8220;on|on|on&#8220; _builder_version=&#8220;4.7.7&#8243; _module_preset=&#8220;default&#8220; disabled=&#8220;on&#8220;][et_pb_fullwidth_map address=&#8220;Domkloster 4, 50667 K\u00f6ln, Germany&#8220; zoom_level=&#8220;15&#8243; address_lat=&#8220;50.9412784&#8243; address_lng=&#8220;6.9582814&#8243; mouse_wheel=&#8220;off&#8220; _builder_version=&#8220;4.7.7&#8243; _module_preset=&#8220;default&#8220; height=&#8220;600px&#8220;][et_pb_map_pin title=&#8220;FahnenRichter&#8220; pin_address=&#8220;Marzellenstra\u00dfe 43A, 50668 K\u00f6ln, Deutschland&#8220; pin_address_lat=&#8220;50.9444034&#8243; pin_address_lng=&#8220;6.9558859&#8243; _builder_version=&#8220;4.7.7&#8243; _module_preset=&#8220;default&#8220;]Marzellenstra\u00dfe 43a[\/et_pb_map_pin][et_pb_map_pin title=&#8220;Fahnenhandel K\u00f6ln&#8220; pin_address=&#8220;Br\u00fcderstra\u00dfe 3, 50667 K\u00f6ln, Deutschland&#8220; pin_address_lat=&#8220;50.9369908&#8243; pin_address_lng=&#8220;6.9520881&#8243; _builder_version=&#8220;4.7.7&#8243; _module_preset=&#8220;default&#8220;]Br\u00fcderstra\u00dfe 3[\/et_pb_map_pin][\/et_pb_fullwidth_map][\/et_pb_section][et_pb_section fb_built=&#8220;1&#8243; _builder_version=&#8220;4.7.7&#8243; _module_preset=&#8220;default&#8220; custom_padding=&#8220;0px|0px|0px|0px|true|true&#8220;][et_pb_row _builder_version=&#8220;4.7.7&#8243; _module_preset=&#8220;default&#8220; width=&#8220;100%&#8220; max_width=&#8220;100%&#8220; custom_padding=&#8220;0px||0px||true|false&#8220;][et_pb_column type=&#8220;4_4&#8243; _builder_version=&#8220;4.7.7&#8243; _module_preset=&#8220;default&#8220;][et_pb_map_extended address=&#8220;Domkloster 4, 50667 K\u00f6ln, Germany&#8220; zoom_level=&#8220;15&#8243; address_lat=&#8220;50.9412784&#8243; address_lng=&#8220;6.9582814&#8243; info_window_width=&#8220;250&#8243; info_window=&#8220;on&#8220; map_height=&#8220;600px&#8220; _builder_version=&#8220;4.7.7&#8243; _module_preset=&#8220;default&#8220;][et_pb_map_pin_extended title=&#8220;Fahnenhandel K\u00f6ln&#8220; pin_address=&#8220;Br\u00fcderstra\u00dfe 3, 50667 K\u00f6ln, Germany&#8220; pin_address_lat=&#8220;50.9369709&#8243; pin_address_lng=&#8220;6.9521044&#8243; _builder_version=&#8220;4.7.7&#8243; _module_preset=&#8220;default&#8220;]Br\u00fcderstra\u00dfe 3[\/et_pb_map_pin_extended][et_pb_map_pin_extended title=&#8220;FahnenRichter&#8220; pin_address=&#8220;Marzellenstra\u00dfe 43A, 50668 K\u00f6ln, Germany&#8220; pin_address_lat=&#8220;50.9444034&#8243; pin_address_lng=&#8220;6.9558859&#8243; _builder_version=&#8220;4.7.7&#8243; _module_preset=&#8220;default&#8220;]Marzellenstra\u00dfe 43a[\/et_pb_map_pin_extended][\/et_pb_map_extended][\/et_pb_column][\/et_pb_row][\/et_pb_section][et_pb_section fb_built=&#8220;1&#8243; _builder_version=&#8220;4.7.7&#8243; _module_preset=&#8220;default&#8220; background_color=&#8220;#333&#8243; custom_padding=&#8220;0px||0px||true|false&#8220;][et_pb_row _builder_version=&#8220;4.7.7&#8243; _module_preset=&#8220;default&#8220; custom_padding=&#8220;10px||10px||true|false&#8220;][et_pb_column type=&#8220;4_4&#8243; _builder_version=&#8220;4.7.7&#8243; _module_preset=&#8220;default&#8220;][et_pb_text module_class=&#8220;footer&#8220; _builder_version=&#8220;4.7.7&#8243; _module_preset=&#8220;default&#8220; text_text_color=&#8220;#888888&#8243; text_orientation=&#8220;center&#8220; background_layout=&#8220;dark&#8220;]<\/p>\n<p>\u00a92021 FahnenRichter GmbH &#038; Co. KG\u00a0\u00a0|\u00a0\u00a0<a href=\"https:\/\/fahnenrichter.de\/impressum\">Impressum<\/a><\/p>\n<p>[\/et_pb_text][\/et_pb_column][\/et_pb_row][\/et_pb_section]<\/p>\n","protected":false},"excerpt":{"rendered":"<p>[et_pb_section fb_built=&#8220;1&#8243; _builder_version=&#8220;4.7.7&#8243; _module_preset=&#8220;default&#8220; custom_margin=&#8220;||||false|false&#8220; custom_padding=&#8220;||||false|false&#8220;][et_pb_row _builder_version=&#8220;4.7.7&#8243; _module_preset=&#8220;default&#8220; width=&#8220;100%&#8220;][et_pb_column type=&#8220;4_4&#8243; _builder_version=&#8220;4.7.7&#8243; _module_preset=&#8220;default&#8220;][et_pb_text _builder_version=&#8220;4.7.7&#8243; _module_preset=&#8220;default&#8220;] [\/et_pb_text][\/et_pb_column][\/et_pb_row][et_pb_row _builder_version=&#8220;4.7.7&#8243; _module_preset=&#8220;default&#8220;][et_pb_column type=&#8220;4_4&#8243; _builder_version=&#8220;4.7.7&#8243; _module_preset=&#8220;default&#8220;][et_pb_text _builder_version=&#8220;4.7.7&#8243; _module_preset=&#8220;default&#8220; header_text_align=&#8220;center&#8220; header_font_size=&#8220;40px&#8220; header_line_height=&#8220;1.2em&#8220; header_font_size_tablet=&#8220;&#8220; header_font_size_phone=&#8220;30px&#8220; header_font_size_last_edited=&#8220;on|phone&#8220;] Tradition gibt man nicht&nbsp;auf. Man gibt sie weiter. [\/et_pb_text][\/et_pb_column][\/et_pb_row][et_pb_row column_structure=&#8220;1_2,1_2&#8243; _builder_version=&#8220;4.7.7&#8243; _module_preset=&#8220;default&#8220;][et_pb_column type=&#8220;1_2&#8243; _builder_version=&#8220;4.7.7&#8243; _module_preset=&#8220;default&#8220;][et_pb_image src=&#8220;https:\/\/fahnenhandel-koeln.de\/wp-content\/uploads\/2021\/01\/birgit_und_denis_1.jpg&#8220; show_bottom_space=&#8220;off&#8220; _builder_version=&#8220;4.7.7&#8243; _module_preset=&#8220;default&#8220;][\/et_pb_image][et_pb_text _builder_version=&#8220;4.7.7&#8243; _module_preset=&#8220;default&#8220; text_font_size=&#8220;12px&#8220; text_line_height=&#8220;1.2em&#8220; custom_margin=&#8220;5px||||false|false&#8220;] K\u00f6lsches M\u00e4dche un [&hellip;]<\/p>\n","protected":false},"author":2,"featured_media":0,"parent":0,"menu_order":0,"comment_status":"closed","ping_status":"closed","template":"page-template-blank.php","meta":{"_et_pb_use_builder":"on","_et_pb_old_content":"","_et_gb_content_width":"","footnotes":""},"class_list":["post-9","page","type-page","status-publish","hentry"],"yoast_head":"<!-- This site is optimized with the Yoast SEO plugin v24.3 - https:\/\/yoast.com\/wordpress\/plugins\/seo\/ -->\n<title>Fahnenhandel K\u00f6ln geh\u00f6rt jetzt zu FahnenRichter<\/title>\n<meta name=\"robots\" content=\"index, follow, max-snippet:-1, max-image-preview:large, max-video-preview:-1\" \/>\n<link rel=\"canonical\" href=\"https:\/\/www.fahnenhandel-koeln.de\/\" \/>\n<meta property=\"og:locale\" content=\"de_DE\" \/>\n<meta property=\"og:type\" content=\"article\" \/>\n<meta property=\"og:title\" content=\"Fahnenhandel K\u00f6ln geh\u00f6rt jetzt zu FahnenRichter\" \/>\n<meta property=\"og:description\" content=\"[et_pb_section fb_built=&#8220;1&#8243; _builder_version=&#8220;4.7.7&#8243; _module_preset=&#8220;default&#8220; custom_margin=&#8220;||||false|false&#8220; custom_padding=&#8220;||||false|false&#8220;][et_pb_row _builder_version=&#8220;4.7.7&#8243; _module_preset=&#8220;default&#8220; width=&#8220;100%&#8220;][et_pb_column type=&#8220;4_4&#8243; _builder_version=&#8220;4.7.7&#8243; _module_preset=&#8220;default&#8220;][et_pb_text _builder_version=&#8220;4.7.7&#8243; _module_preset=&#8220;default&#8220;] [\/et_pb_text][\/et_pb_column][\/et_pb_row][et_pb_row _builder_version=&#8220;4.7.7&#8243; _module_preset=&#8220;default&#8220;][et_pb_column type=&#8220;4_4&#8243; _builder_version=&#8220;4.7.7&#8243; _module_preset=&#8220;default&#8220;][et_pb_text _builder_version=&#8220;4.7.7&#8243; _module_preset=&#8220;default&#8220; header_text_align=&#8220;center&#8220; header_font_size=&#8220;40px&#8220; header_line_height=&#8220;1.2em&#8220; header_font_size_tablet=&#8220;&#8220; header_font_size_phone=&#8220;30px&#8220; header_font_size_last_edited=&#8220;on|phone&#8220;] Tradition gibt man nicht&nbsp;auf. Man gibt sie weiter. [\/et_pb_text][\/et_pb_column][\/et_pb_row][et_pb_row column_structure=&#8220;1_2,1_2&#8243; _builder_version=&#8220;4.7.7&#8243; _module_preset=&#8220;default&#8220;][et_pb_column type=&#8220;1_2&#8243; _builder_version=&#8220;4.7.7&#8243; _module_preset=&#8220;default&#8220;][et_pb_image src=&#8220;https:\/\/fahnenhandel-koeln.de\/wp-content\/uploads\/2021\/01\/birgit_und_denis_1.jpg&#8220; show_bottom_space=&#8220;off&#8220; _builder_version=&#8220;4.7.7&#8243; _module_preset=&#8220;default&#8220;][\/et_pb_image][et_pb_text _builder_version=&#8220;4.7.7&#8243; _module_preset=&#8220;default&#8220; text_font_size=&#8220;12px&#8220; text_line_height=&#8220;1.2em&#8220; custom_margin=&#8220;5px||||false|false&#8220;] K\u00f6lsches M\u00e4dche un [&hellip;]\" \/>\n<meta property=\"og:url\" content=\"https:\/\/www.fahnenhandel-koeln.de\/\" \/>\n<meta property=\"og:site_name\" content=\"Fahnenhandel K\u00f6ln\" \/>\n<meta property=\"article:modified_time\" content=\"2021-02-01T07:56:44+00:00\" \/>\n<meta name=\"twitter:card\" content=\"summary_large_image\" \/>\n<meta name=\"twitter:label1\" content=\"Gesch\u00e4tzte Lesezeit\" \/>\n\t<meta name=\"twitter:data1\" content=\"4\u00a0Minuten\" \/>\n<script type=\"application\/ld+json\" class=\"yoast-schema-graph\">{\"@context\":\"https:\/\/schema.org\",\"@graph\":[{\"@type\":\"WebPage\",\"@id\":\"https:\/\/www.fahnenhandel-koeln.de\/\",\"url\":\"https:\/\/www.fahnenhandel-koeln.de\/\",\"name\":\"Fahnenhandel K\u00f6ln geh\u00f6rt jetzt zu FahnenRichter\",\"isPartOf\":{\"@id\":\"https:\/\/www.fahnenhandel-koeln.de\/#website\"},\"datePublished\":\"2021-01-11T12:11:15+00:00\",\"dateModified\":\"2021-02-01T07:56:44+00:00\",\"breadcrumb\":{\"@id\":\"https:\/\/www.fahnenhandel-koeln.de\/#breadcrumb\"},\"inLanguage\":\"de\",\"potentialAction\":[{\"@type\":\"ReadAction\",\"target\":[\"https:\/\/www.fahnenhandel-koeln.de\/\"]}]},{\"@type\":\"BreadcrumbList\",\"@id\":\"https:\/\/www.fahnenhandel-koeln.de\/#breadcrumb\",\"itemListElement\":[{\"@type\":\"ListItem\",\"position\":1,\"name\":\"Home\",\"item\":\"https:\/\/www.fahnenhandel-koeln.de\/\"},{\"@type\":\"ListItem\",\"position\":2,\"name\":\"Home\"}]},{\"@type\":\"WebSite\",\"@id\":\"https:\/\/www.fahnenhandel-koeln.de\/#website\",\"url\":\"https:\/\/www.fahnenhandel-koeln.de\/\",\"name\":\"Fahnenhandel K\u00f6ln\",\"description\":\"\",\"publisher\":{\"@id\":\"https:\/\/www.fahnenhandel-koeln.de\/#organization\"},\"potentialAction\":[{\"@type\":\"SearchAction\",\"target\":{\"@type\":\"EntryPoint\",\"urlTemplate\":\"https:\/\/www.fahnenhandel-koeln.de\/?s={search_term_string}\"},\"query-input\":{\"@type\":\"PropertyValueSpecification\",\"valueRequired\":true,\"valueName\":\"search_term_string\"}}],\"inLanguage\":\"de\"},{\"@type\":\"Organization\",\"@id\":\"https:\/\/www.fahnenhandel-koeln.de\/#organization\",\"name\":\"Fahnenhandel - K\u00f6ln\",\"url\":\"https:\/\/www.fahnenhandel-koeln.de\/\",\"logo\":{\"@type\":\"ImageObject\",\"inLanguage\":\"de\",\"@id\":\"https:\/\/www.fahnenhandel-koeln.de\/#\/schema\/logo\/image\/\",\"url\":\"https:\/\/www.fahnenhandel-koeln.de\/wp-content\/uploads\/2021\/01\/fari_favicon.png\",\"contentUrl\":\"https:\/\/www.fahnenhandel-koeln.de\/wp-content\/uploads\/2021\/01\/fari_favicon.png\",\"width\":512,\"height\":512,\"caption\":\"Fahnenhandel - K\u00f6ln\"},\"image\":{\"@id\":\"https:\/\/www.fahnenhandel-koeln.de\/#\/schema\/logo\/image\/\"}}]}<\/script>\n<!-- \/ Yoast SEO plugin. -->","yoast_head_json":{"title":"Fahnenhandel K\u00f6ln geh\u00f6rt jetzt zu FahnenRichter","robots":{"index":"index","follow":"follow","max-snippet":"max-snippet:-1","max-image-preview":"max-image-preview:large","max-video-preview":"max-video-preview:-1"},"canonical":"https:\/\/www.fahnenhandel-koeln.de\/","og_locale":"de_DE","og_type":"article","og_title":"Fahnenhandel K\u00f6ln geh\u00f6rt jetzt zu FahnenRichter","og_description":"[et_pb_section fb_built=&#8220;1&#8243; _builder_version=&#8220;4.7.7&#8243; _module_preset=&#8220;default&#8220; custom_margin=&#8220;||||false|false&#8220; custom_padding=&#8220;||||false|false&#8220;][et_pb_row _builder_version=&#8220;4.7.7&#8243; _module_preset=&#8220;default&#8220; width=&#8220;100%&#8220;][et_pb_column type=&#8220;4_4&#8243; _builder_version=&#8220;4.7.7&#8243; _module_preset=&#8220;default&#8220;][et_pb_text _builder_version=&#8220;4.7.7&#8243; _module_preset=&#8220;default&#8220;] [\/et_pb_text][\/et_pb_column][\/et_pb_row][et_pb_row _builder_version=&#8220;4.7.7&#8243; _module_preset=&#8220;default&#8220;][et_pb_column type=&#8220;4_4&#8243; _builder_version=&#8220;4.7.7&#8243; _module_preset=&#8220;default&#8220;][et_pb_text _builder_version=&#8220;4.7.7&#8243; _module_preset=&#8220;default&#8220; header_text_align=&#8220;center&#8220; header_font_size=&#8220;40px&#8220; header_line_height=&#8220;1.2em&#8220; header_font_size_tablet=&#8220;&#8220; header_font_size_phone=&#8220;30px&#8220; header_font_size_last_edited=&#8220;on|phone&#8220;] Tradition gibt man nicht&nbsp;auf. Man gibt sie weiter. [\/et_pb_text][\/et_pb_column][\/et_pb_row][et_pb_row column_structure=&#8220;1_2,1_2&#8243; _builder_version=&#8220;4.7.7&#8243; _module_preset=&#8220;default&#8220;][et_pb_column type=&#8220;1_2&#8243; _builder_version=&#8220;4.7.7&#8243; _module_preset=&#8220;default&#8220;][et_pb_image src=&#8220;https:\/\/fahnenhandel-koeln.de\/wp-content\/uploads\/2021\/01\/birgit_und_denis_1.jpg&#8220; show_bottom_space=&#8220;off&#8220; _builder_version=&#8220;4.7.7&#8243; _module_preset=&#8220;default&#8220;][\/et_pb_image][et_pb_text _builder_version=&#8220;4.7.7&#8243; _module_preset=&#8220;default&#8220; text_font_size=&#8220;12px&#8220; text_line_height=&#8220;1.2em&#8220; custom_margin=&#8220;5px||||false|false&#8220;] K\u00f6lsches M\u00e4dche un [&hellip;]","og_url":"https:\/\/www.fahnenhandel-koeln.de\/","og_site_name":"Fahnenhandel K\u00f6ln","article_modified_time":"2021-02-01T07:56:44+00:00","twitter_card":"summary_large_image","twitter_misc":{"Gesch\u00e4tzte Lesezeit":"4\u00a0Minuten"},"schema":{"@context":"https:\/\/schema.org","@graph":[{"@type":"WebPage","@id":"https:\/\/www.fahnenhandel-koeln.de\/","url":"https:\/\/www.fahnenhandel-koeln.de\/","name":"Fahnenhandel K\u00f6ln geh\u00f6rt jetzt zu FahnenRichter","isPartOf":{"@id":"https:\/\/www.fahnenhandel-koeln.de\/#website"},"datePublished":"2021-01-11T12:11:15+00:00","dateModified":"2021-02-01T07:56:44+00:00","breadcrumb":{"@id":"https:\/\/www.fahnenhandel-koeln.de\/#breadcrumb"},"inLanguage":"de","potentialAction":[{"@type":"ReadAction","target":["https:\/\/www.fahnenhandel-koeln.de\/"]}]},{"@type":"BreadcrumbList","@id":"https:\/\/www.fahnenhandel-koeln.de\/#breadcrumb","itemListElement":[{"@type":"ListItem","position":1,"name":"Home","item":"https:\/\/www.fahnenhandel-koeln.de\/"},{"@type":"ListItem","position":2,"name":"Home"}]},{"@type":"WebSite","@id":"https:\/\/www.fahnenhandel-koeln.de\/#website","url":"https:\/\/www.fahnenhandel-koeln.de\/","name":"Fahnenhandel K\u00f6ln","description":"","publisher":{"@id":"https:\/\/www.fahnenhandel-koeln.de\/#organization"},"potentialAction":[{"@type":"SearchAction","target":{"@type":"EntryPoint","urlTemplate":"https:\/\/www.fahnenhandel-koeln.de\/?s={search_term_string}"},"query-input":{"@type":"PropertyValueSpecification","valueRequired":true,"valueName":"search_term_string"}}],"inLanguage":"de"},{"@type":"Organization","@id":"https:\/\/www.fahnenhandel-koeln.de\/#organization","name":"Fahnenhandel - K\u00f6ln","url":"https:\/\/www.fahnenhandel-koeln.de\/","logo":{"@type":"ImageObject","inLanguage":"de","@id":"https:\/\/www.fahnenhandel-koeln.de\/#\/schema\/logo\/image\/","url":"https:\/\/www.fahnenhandel-koeln.de\/wp-content\/uploads\/2021\/01\/fari_favicon.png","contentUrl":"https:\/\/www.fahnenhandel-koeln.de\/wp-content\/uploads\/2021\/01\/fari_favicon.png","width":512,"height":512,"caption":"Fahnenhandel - K\u00f6ln"},"image":{"@id":"https:\/\/www.fahnenhandel-koeln.de\/#\/schema\/logo\/image\/"}}]}},"_links":{"self":[{"href":"https:\/\/www.fahnenhandel-koeln.de\/index.php\/wp-json\/wp\/v2\/pages\/9","targetHints":{"allow":["GET"]}}],"collection":[{"href":"https:\/\/www.fahnenhandel-koeln.de\/index.php\/wp-json\/wp\/v2\/pages"}],"about":[{"href":"https:\/\/www.fahnenhandel-koeln.de\/index.php\/wp-json\/wp\/v2\/types\/page"}],"author":[{"embeddable":true,"href":"https:\/\/www.fahnenhandel-koeln.de\/index.php\/wp-json\/wp\/v2\/users\/2"}],"replies":[{"embeddable":true,"href":"https:\/\/www.fahnenhandel-koeln.de\/index.php\/wp-json\/wp\/v2\/comments?post=9"}],"version-history":[{"count":83,"href":"https:\/\/www.fahnenhandel-koeln.de\/index.php\/wp-json\/wp\/v2\/pages\/9\/revisions"}],"predecessor-version":[{"id":167,"href":"https:\/\/www.fahnenhandel-koeln.de\/index.php\/wp-json\/wp\/v2\/pages\/9\/revisions\/167"}],"wp:attachment":[{"href":"https:\/\/www.fahnenhandel-koeln.de\/index.php\/wp-json\/wp\/v2\/media?parent=9"}],"curies":[{"name":"wp","href":"https:\/\/api.w.org\/{rel}","templated":true}]}}